[INFO] cloning repository https://github.com/udoprog/shrek
[INFO] running `Command { std: "git" "-c" "credential.helper=" "-c" "credential.helper=/workspace/cargo-home/bin/git-credential-null" "clone" "--bare" "https://github.com/udoprog/shrek" "/workspace/cache/git-repos/https%3A%2F%2Fgithub.com%2Fudoprog%2Fshrek", kill_on_drop: false }`
[INFO] [stderr] Cloning into bare repository '/workspace/cache/git-repos/https%3A%2F%2Fgithub.com%2Fudoprog%2Fshrek'...
[INFO] running `Command { std: "git" "rev-parse" "HEAD", kill_on_drop: false }`
[INFO] [stdout] bf974ea66c46ff9363cef4c20d64fe9a54a16fe9
[INFO] building udoprog/shrek against master#881c1ac408d93bb7adaa3a51dabab9266e82eee8 for issue-85264
[INFO] running `Command { std: "git" "clone" "/workspace/cache/git-repos/https%3A%2F%2Fgithub.com%2Fudoprog%2Fshrek" "/workspace/builds/worker-10/source", kill_on_drop: false }`
[INFO] [stderr] Cloning into '/workspace/builds/worker-10/source'...
[INFO] [stderr] done.
[INFO] validating manifest of git repo https://github.com/udoprog/shrek on toolchain 881c1ac408d93bb7adaa3a51dabab9266e82eee8
[INFO] running `Command { std: "/workspace/cargo-home/bin/cargo" "+881c1ac408d93bb7adaa3a51dabab9266e82eee8" "metadata" "--manifest-path" "Cargo.toml" "--no-deps", kill_on_drop: false }`
[INFO] started tweaking git repo https://github.com/udoprog/shrek
[INFO] finished tweaking git repo https://github.com/udoprog/shrek
[INFO] tweaked toml for git repo https://github.com/udoprog/shrek written to /workspace/builds/worker-10/source/Cargo.toml
[INFO] crate git repo https://github.com/udoprog/shrek already has a lockfile, it will not be regenerated
[INFO] running `Command { std: "/workspace/cargo-home/bin/cargo" "+881c1ac408d93bb7adaa3a51dabab9266e82eee8" "fetch" "--manifest-path" "Cargo.toml", kill_on_drop: false }`
[INFO] [stderr]  Downloading crates ...
[INFO] [stderr]   Downloaded hashbrown v0.1.7
[INFO] [stderr]   Downloaded futures-core-preview v0.3.0-alpha.10
[INFO] [stderr]   Downloaded futures-channel-preview v0.3.0-alpha.10
[INFO] [stderr]   Downloaded futures-executor-preview v0.3.0-alpha.10
[INFO] [stderr]   Downloaded futures-util-preview v0.3.0-alpha.10
[INFO] [stderr]   Downloaded futures-preview v0.3.0-alpha.10
[INFO] [stderr]   Downloaded futures-io-preview v0.3.0-alpha.10
[INFO] [stderr]   Downloaded futures-sink-preview v0.3.0-alpha.10
[INFO] [stderr]   Downloaded pin-utils v0.1.0-alpha.3
[INFO] running `Command { std: "docker" "create" "-v" "/var/lib/crater-agent-workspace/builds/worker-10/target:/opt/rustwide/target:rw,Z" "-v" "/var/lib/crater-agent-workspace/builds/worker-10/source:/opt/rustwide/workdir:ro,Z" "-v" "/var/lib/crater-agent-workspace/cargo-home:/opt/rustwide/cargo-home:ro,Z" "-v" "/var/lib/crater-agent-workspace/rustup-home:/opt/rustwide/rustup-home:ro,Z" "-e" "SOURCE_DIR=/opt/rustwide/workdir" "-e" "CARGO_TARGET_DIR=/opt/rustwide/target" "-e" "CARGO_HOME=/opt/rustwide/cargo-home" "-e" "RUSTUP_HOME=/opt/rustwide/rustup-home" "-w" "/opt/rustwide/workdir" "-m" "1610612736" "--user" "0:0" "--network" "none" "ghcr.io/rust-lang/crates-build-env/linux@sha256:20528e8c29e4536546f0102ce88568b16ea7538393a33fcca951030f7af10457" "/opt/rustwide/cargo-home/bin/cargo" "+881c1ac408d93bb7adaa3a51dabab9266e82eee8" "metadata" "--no-deps" "--format-version=1", kill_on_drop: false }`
[INFO] [stdout] fa42d9344cd7fe83ecf405e15dc31df467bce9a854159084909493534ed62d5a
[INFO] [stderr] WARNING: Your kernel does not support swap limit capabilities or the cgroup is not mounted. Memory limited without swap.
[INFO] running `Command { std: "docker" "start" "-a" "fa42d9344cd7fe83ecf405e15dc31df467bce9a854159084909493534ed62d5a", kill_on_drop: false }`
[INFO] running `Command { std: "docker" "inspect" "fa42d9344cd7fe83ecf405e15dc31df467bce9a854159084909493534ed62d5a", kill_on_drop: false }`
[INFO] running `Command { std: "docker" "rm" "-f" "fa42d9344cd7fe83ecf405e15dc31df467bce9a854159084909493534ed62d5a", kill_on_drop: false }`
[INFO] [stdout] fa42d9344cd7fe83ecf405e15dc31df467bce9a854159084909493534ed62d5a
[INFO] running `Command { std: "docker" "create" "-v" "/var/lib/crater-agent-workspace/builds/worker-10/target:/opt/rustwide/target:rw,Z" "-v" "/var/lib/crater-agent-workspace/builds/worker-10/source:/opt/rustwide/workdir:ro,Z" "-v" "/var/lib/crater-agent-workspace/cargo-home:/opt/rustwide/cargo-home:ro,Z" "-v" "/var/lib/crater-agent-workspace/rustup-home:/opt/rustwide/rustup-home:ro,Z" "-e" "SOURCE_DIR=/opt/rustwide/workdir" "-e" "CARGO_TARGET_DIR=/opt/rustwide/target" "-e" "CARGO_INCREMENTAL=0" "-e" "RUST_BACKTRACE=full" "-e" "RUSTFLAGS=--cap-lints=forbid" "-e" "CARGO_HOME=/opt/rustwide/cargo-home" "-e" "RUSTUP_HOME=/opt/rustwide/rustup-home" "-w" "/opt/rustwide/workdir" "-m" "1610612736" "--user" "0:0" "--network" "none" "ghcr.io/rust-lang/crates-build-env/linux@sha256:20528e8c29e4536546f0102ce88568b16ea7538393a33fcca951030f7af10457" "/opt/rustwide/cargo-home/bin/cargo" "+881c1ac408d93bb7adaa3a51dabab9266e82eee8" "build" "--frozen" "--message-format=json", kill_on_drop: false }`
[INFO] [stdout] f457014f6952feb1e547fbcbed972a27f473095951543a6f772bebec033d9441
[INFO] [stderr] WARNING: Your kernel does not support swap limit capabilities or the cgroup is not mounted. Memory limited without swap.
[INFO] running `Command { std: "docker" "start" "-a" "f457014f6952feb1e547fbcbed972a27f473095951543a6f772bebec033d9441", kill_on_drop: false }`
[INFO] [stderr]    Compiling libc v0.2.45
[INFO] [stderr]    Compiling either v1.5.0
[INFO] [stderr]    Compiling rand_core v0.3.0
[INFO] [stderr]    Compiling pin-utils v0.1.0-alpha.3
[INFO] [stderr]    Compiling slab v0.4.1
[INFO] [stderr]    Compiling lazy_static v1.2.0
[INFO] [stderr]    Compiling byteorder v1.2.7
[INFO] [stderr]    Compiling scopeguard v0.3.3
[INFO] [stderr]    Compiling futures-core-preview v0.3.0-alpha.10
[INFO] [stdout] error[E0432]: unresolved import `core::task::LocalWaker`
[INFO] [stdout]  --> /opt/rustwide/cargo-home/registry/src/github.com-1ecc6299db9ec823/futures-core-preview-0.3.0-alpha.10/src/future/future_obj.rs:6:12
[INFO] [stdout]   |
[INFO] [stdout] 6 |     task::{LocalWaker, Poll},
[INFO] [stdout]   |            ^^^^^^^^^^ no `LocalWaker` in `task`
[INFO] [stdout] 
[INFO] [stdout] 
[INFO] [stdout] error[E0432]: unresolved imports `core::task::LocalWaker`, `core::task::UnsafeWake`
[INFO] [stdout]  --> /opt/rustwide/cargo-home/registry/src/github.com-1ecc6299db9ec823/futures-core-preview-0.3.0-alpha.10/src/task/mod.rs:8:35
[INFO] [stdout]   |
[INFO] [stdout] 8 | pub use core::task::{Poll, Waker, LocalWaker, UnsafeWake};
[INFO] [stdout]   |                                   ^^^^^^^^^^  ^^^^^^^^^^ no `UnsafeWake` in `task`
[INFO] [stdout]   |                                   |
[INFO] [stdout]   |                                   no `LocalWaker` in `task`
[INFO] [stdout] 
[INFO] [stdout] 
[INFO] [stdout] error[E0432]: unresolved imports `std::task::local_waker`, `std::task::local_waker_from_nonlocal`
[INFO] [stdout]   --> /opt/rustwide/cargo-home/registry/src/github.com-1ecc6299db9ec823/futures-core-preview-0.3.0-alpha.10/src/task/mod.rs:10:27
[INFO] [stdout]    |
[INFO] [stdout] 10 | pub use std::task::{Wake, local_waker, local_waker_from_nonlocal};
[INFO] [stdout]    |                           ^^^^^^^^^^^  ^^^^^^^^^^^^^^^^^^^^^^^^^ no `local_waker_from_nonlocal` in `task`
[INFO] [stdout]    |                           |
[INFO] [stdout]    |                           no `local_waker` in `task`
[INFO] [stdout] 
[INFO] [stdout] 
[INFO] [stderr]    Compiling rand_core v0.2.2
[INFO] [stderr]    Compiling hashbrown v0.1.7
[INFO] [stdout] error[E0599]: no function or associated item named `get_mut_unchecked` found for struct `std::pin::Pin<_>` in the current scope
[INFO] [stdout]    --> /opt/rustwide/cargo-home/registry/src/github.com-1ecc6299db9ec823/futures-core-preview-0.3.0-alpha.10/src/future/future_obj.rs:176:45
[INFO] [stdout]     |
[INFO] [stdout] 176 |         let mut_ref: &mut F = unsafe { Pin::get_mut_unchecked(Pin::as_mut(&mut self)) };
[INFO] [stdout]     |                                             ^^^^^^^^^^^^^^^^^ function or associated item not found in `std::pin::Pin<_>`
[INFO] [stdout] 
[INFO] [stdout] 
[INFO] [stdout] error[E0599]: no function or associated item named `get_mut_unchecked` found for struct `std::pin::Pin<_>` in the current scope
[INFO] [stdout]    --> /opt/rustwide/cargo-home/registry/src/github.com-1ecc6299db9ec823/futures-core-preview-0.3.0-alpha.10/src/future/future_obj.rs:216:49
[INFO] [stdout]     |
[INFO] [stdout] 216 |             let mut_ref: &mut F = unsafe { Pin::get_mut_unchecked(Pin::as_mut(&mut self)) };
[INFO] [stdout]     |                                                 ^^^^^^^^^^^^^^^^^ function or associated item not found in `std::pin::Pin<_>`
[INFO] [stdout] 
[INFO] [stdout] 
[INFO] [stdout] error[E0277]: `P` cannot be unpinned
[INFO] [stdout]    --> /opt/rustwide/cargo-home/registry/src/github.com-1ecc6299db9ec823/futures-core-preview-0.3.0-alpha.10/src/stream/mod.rs:83:22
[INFO] [stdout]     |
[INFO] [stdout] 83  |         Pin::get_mut(self).as_mut().poll_next(lw)
[INFO] [stdout]     |                      ^^^^ within `std::pin::Pin<P>`, the trait `std::marker::Unpin` is not implemented for `P`
[INFO] [stdout]     |
[INFO] [stdout]     = note: consider using `Box::pin`
[INFO] [stdout]     = note: required because it appears within the type `std::pin::Pin<P>`
[INFO] [stdout] help: consider further restricting this bound
[INFO] [stdout]     |
[INFO] [stdout] 74  |     P: ops::DerefMut + std::marker::Unpin,
[INFO] [stdout]     |                      ^^^^^^^^^^^^^^^^^^^^
[INFO] [stdout] 
[INFO] [stdout] 
[INFO] [stdout] error[E0599]: no function or associated item named `get_mut_unchecked` found for struct `std::pin::Pin<_>` in the current scope
[INFO] [stdout]   --> /opt/rustwide/cargo-home/registry/src/github.com-1ecc6299db9ec823/futures-core-preview-0.3.0-alpha.10/src/stream/mod.rs:96:24
[INFO] [stdout]    |
[INFO] [stdout] 96 |             match Pin::get_mut_unchecked(self) {
[INFO] [stdout]    |                        ^^^^^^^^^^^^^^^^^ function or associated item not found in `std::pin::Pin<_>`
[INFO] [stdout] 
[INFO] [stdout] 
[INFO] [stdout] error[E0599]: no method named `poll_next` found for struct `std::pin::Pin<_>` in the current scope
[INFO] [stdout]    --> /opt/rustwide/cargo-home/registry/src/github.com-1ecc6299db9ec823/futures-core-preview-0.3.0-alpha.10/src/stream/mod.rs:97:58
[INFO] [stdout]     |
[INFO] [stdout] 56  |         self: Pin<&mut Self>,
[INFO] [stdout]     |               -------------- the method might not be found because of this arbitrary self type
[INFO] [stdout] ...
[INFO] [stdout] 97  |                 Either::Left(a) => Pin::new_unchecked(a).poll_next(lw),
[INFO] [stdout]     |                                                          ^^^^^^^^^ method not found in `std::pin::Pin<_>`
[INFO] [stdout]     |
[INFO] [stdout]     = note: `Pin::new_unchecked(a)` is a function, perhaps you wish to call it
[INFO] [stdout]     = help: items from traits can only be used if the trait is implemented and in scope
[INFO] [stdout] note: `stream_obj::UnsafeStreamObj` defines an item `poll_next`, perhaps you need to implement it
[INFO] [stdout]    --> /opt/rustwide/cargo-home/registry/src/github.com-1ecc6299db9ec823/futures-core-preview-0.3.0-alpha.10/src/stream/stream_obj.rs:128:1
[INFO] [stdout]     |
[INFO] [stdout] 128 | pub unsafe trait UnsafeStreamObj<'a, T>: 'a {
[INFO] [stdout]     | ^^^^^^^^^^^^^^^^^^^^^^^^^^^^^^^^^^^^^^^^^^^
[INFO] [stdout] 
[INFO] [stdout] 
[INFO] [stdout] error[E0599]: no method named `poll_next` found for struct `std::pin::Pin<_>` in the current scope
[INFO] [stdout]    --> /opt/rustwide/cargo-home/registry/src/github.com-1ecc6299db9ec823/futures-core-preview-0.3.0-alpha.10/src/stream/mod.rs:98:59
[INFO] [stdout]     |
[INFO] [stdout] 56  |         self: Pin<&mut Self>,
[INFO] [stdout]     |               -------------- the method might not be found because of this arbitrary self type
[INFO] [stdout] ...
[INFO] [stdout] 98  |                 Either::Right(b) => Pin::new_unchecked(b).poll_next(lw),
[INFO] [stdout]     |                                                           ^^^^^^^^^ method not found in `std::pin::Pin<_>`
[INFO] [stdout]     |
[INFO] [stdout]     = note: `Pin::new_unchecked(b)` is a function, perhaps you wish to call it
[INFO] [stdout]     = help: items from traits can only be used if the trait is implemented and in scope
[INFO] [stdout] note: `stream_obj::UnsafeStreamObj` defines an item `poll_next`, perhaps you need to implement it
[INFO] [stdout]    --> /opt/rustwide/cargo-home/registry/src/github.com-1ecc6299db9ec823/futures-core-preview-0.3.0-alpha.10/src/stream/stream_obj.rs:128:1
[INFO] [stdout]     |
[INFO] [stdout] 128 | pub unsafe trait UnsafeStreamObj<'a, T>: 'a {
[INFO] [stdout]     | ^^^^^^^^^^^^^^^^^^^^^^^^^^^^^^^^^^^^^^^^^^^
[INFO] [stdout] 
[INFO] [stdout] 
[INFO] [stdout] error[E0599]: no function or associated item named `get_mut_unchecked` found for struct `std::pin::Pin<_>` in the current scope
[INFO] [stdout]    --> /opt/rustwide/cargo-home/registry/src/github.com-1ecc6299db9ec823/futures-core-preview-0.3.0-alpha.10/src/stream/stream_obj.rs:178:23
[INFO] [stdout]     |
[INFO] [stdout] 178 |         unsafe { Pin::get_mut_unchecked(self) as *mut F as *mut () }
[INFO] [stdout]     |                       ^^^^^^^^^^^^^^^^^ function or associated item not found in `std::pin::Pin<_>`
[INFO] [stdout] 
[INFO] [stdout] 
[INFO] [stdout] error[E0599]: no function or associated item named `get_mut_unchecked` found for struct `std::pin::Pin<_>` in the current scope
[INFO] [stdout]    --> /opt/rustwide/cargo-home/registry/src/github.com-1ecc6299db9ec823/futures-core-preview-0.3.0-alpha.10/src/stream/stream_obj.rs:218:49
[INFO] [stdout]     |
[INFO] [stdout] 218 |             let mut_ref: &mut F = unsafe { Pin::get_mut_unchecked(Pin::as_mut(&mut self)) };
[INFO] [stdout]     |                                                 ^^^^^^^^^^^^^^^^^ function or associated item not found in `std::pin::Pin<_>`
[INFO] [stdout] 
[INFO] [stdout] 
[INFO] [stdout] error: aborting due to 11 previous errors
[INFO] [stdout] 
[INFO] [stdout] 
[INFO] [stdout] Some errors have detailed explanations: E0277, E0432, E0599.
[INFO] [stdout] 
[INFO] [stdout] For more information about an error, try `rustc --explain E0277`.
[INFO] [stdout] 
[INFO] [stderr] error: could not compile `futures-core-preview`
[INFO] [stderr] 
[INFO] [stderr] To learn more, run the command again with --verbose.
[INFO] [stderr] warning: build failed, waiting for other jobs to finish...
[INFO] [stderr] error: build failed
[INFO] running `Command { std: "docker" "inspect" "f457014f6952feb1e547fbcbed972a27f473095951543a6f772bebec033d9441", kill_on_drop: false }`
[INFO] running `Command { std: "docker" "rm" "-f" "f457014f6952feb1e547fbcbed972a27f473095951543a6f772bebec033d9441", kill_on_drop: false }`
[INFO] [stdout] f457014f6952feb1e547fbcbed972a27f473095951543a6f772bebec033d9441
